 of 57 and 1539?
57
Calculate the greatest common factor of 414 and 92.
46
Calculate the greatest common divisor of 56 and 4424.
56
Calculate the highest common factor of 230 and 50.
10
Calculate the greatest common factor of 16 and 184.
8
What is the highest common factor of 156 and 3198?
78
What is the greatest common factor of 18 and 57?
3
What is the highest common factor of 44 and 66?
22
Calculate the highest common factor of 217 and 31.
31
Calculate the highest common factor of 57 and 2337.
57
Calculate the highest common factor of 9 and 723.
3
What is the highest common factor of 146 and 20002?
146
What is the greatest common factor of 27 and 783?
27
What is the highest common factor of 961 and 31?
31
Calculate the greatest common factor of 956 and 2151.
239
Calculate the greatest common divisor of 42 and 28.
14
Calculate the highest common divisor of 2960 and 80.
80
Calculate the greatest common divisor of 6364 and 148.
148
What is the greatest common factor of 3740 and 85?
85
Calculate the highest common factor of 19 and 17841.
19
What is the highest common factor of 308 and 4480?
28
What is the greatest common divisor of 187 and 22?
11
Calculate the highest common factor of 24 and 472.
8
Calculate the greatest common divisor of 84 and 20244.
84
Calculate the highest common factor of 178 and 89.
89
Calculate the highest common factor of 2576 and 8.
8
Calculate the highest common divisor of 286 and 22.
22
Calculate the greatest common divisor of 99 and 63.
9
Calculate the highest common factor of 1404 and 156.
156
Calculate the highest common factor of 32 and 304.
16
Calculate the highest common divisor of 735 and 15.
15
Calculate the greatest common divisor of 3000 and 160.
40
What is the greatest common factor of 450 and 36?
18
Calculate the highest common divisor of 70 and 60.
10
Calculate the greatest common divisor of 75 and 105.
15
Calculate the highest common factor of 2940 and 120.
60
What is the greatest common divisor of 33 and 11946?
33
What is the highest common divisor of 6 and 3561?
3
What is the highest common factor of 20 and 3455?
5
What is the greatest common factor of 48 and 6?
6
What is the highest common divisor of 250 and 80?
10
What is the highest common divisor of 105 and 15?
15
What is the highest common factor of 21 and 7?
7
Calculate the greatest common divisor of 36 and 7236.
36
What is the highest common divisor of 85 and 544?
17
What is the greatest common factor of 332 and 4?
4
Calculate the greatest common factor of 354 and 12154.
118
What is the highest common factor of 65 and 767?
13
Calculate the highest common factor of 300 and 675.
75
What is the greatest common factor of 21 and 6?
3
What is the highest common factor of 494 and 5434?
494
What is the greatest common factor of 7631 and 13?
13
What is the highest common factor of 2156 and 33?
11
What is the highest common factor of 387 and 8643?
129
What is the highest common divisor of 2817 and 18?
9
What is the greatest common factor of 161 and 7?
7
Calculate the greatest common divisor of 78 and 2067.
39
Calculate the greatest common divisor of 26 and 65.
13
What is the highest common divisor of 2 and 7672?
2
What is the greatest common divisor of 740 and 20?
20
Calculate the greatest common factor of 92 and 598.
46
Calculate the highest common factor of 1160 and 928.
232
What is the highest common divisor of 43 and 215?
43
Calculate the highest common factor of 52 and 16276.
52
Calculate the greatest common divisor of 23 and 6509.
23
Calculate the greatest common divisor of 589 and 62.
31
Calculate the highest common divisor of 196 and 182.
14
What is the highest common factor of 121 and 1331?
121
What is the highest common divisor of 3224 and 260?
52
Calculate the highest common factor of 252 and 28.
28
Calculate the highest common factor of 169 and 16055.
169
What is the greatest common divisor of 23 and 4554?
23
Calculate the highest common factor of 79543 and 17.
17
Calculate the highest common divisor of 265 and 5.
5
Calculate the highest common factor of 5 and 2575.
5
Calculate the greatest common divisor of 27 and 747.
9
What is the greatest common divisor of 10455 and 85?
85
What is the greatest common divisor of 143 and 2483?
13
What is the highest common divisor of 14 and 3962?
14
Calculate the greatest common factor of 10 and 2640.
10
Calculate the greatest common divisor of 38 and 703.
19
Calculate the greatest common factor of 2624 and 41.
41
What is the highest common factor of 10 and 22410?
10
What is the greatest common factor of 129 and 1462?
43
What is the highest common divisor of 4490 and 20?
10
Calculate the greatest common divisor of 12288 and 12.
12
What is the greatest common factor of 744 and 60?
12
What is the highest common divisor of 3538 and 87?
29
What is the greatest common divisor of 125 and 15?
5
What is the greatest common factor of 1755 and 130?
65
Calculate the greatest common divisor of 275 and 616.
11
Calculate the greatest common factor of 93 and 3472.
31
What is the greatest common factor of 644 and 5704?
92
What is the highest common factor of 572 and 63778?
286
Calculate the highest common divisor of 3 and 66.
3
What is the highest common divisor of 268 and 737?
67
Calculate the greatest common factor of 490 and 50.
10
Calculate the greatest common factor of 28 and 532.
28
What is the greatest common divisor of 220 and 1276?
44
What is the highest common factor of 1313 and 39?
13
Calculate the highest common factor of 82 and 1189.
41
Calculate the highest common factor of 410 and 160.
10
What is the highest common factor of 319 and 11?
11
What is the highest common divisor of 140 and 250?
10
Calculate the highest common divisor of 2 and 50.
2
Calculate the highest common factor of 12 and 76.
4
Calculate the highest common factor of 1485 and 231.
33
What is the greatest common divisor of 470 and 15?
5
Calculate the highest common divisor of 81 and 73.
1
What is the highest common divisor of 2310 and 168?
42
What is the highest common factor of 168 and 126?
42
Calculate the highest common divisor of 1888 and 531.
59
What is the highest common factor of 34 and 12988?
34
What is the highest common factor of 72 and 120?
24
Calculate the greatest common divisor of 976 and 61.
61
Calculate the highest common factor of 10 and 170.
10
What is the highest common factor of 12 and 12?
12
Calculate the greatest common factor of 3 and 237.
3
What is the greatest common factor of 13257 and 27?
27
Calculate the highest common factor of 12954 and 24.
6
Calculate the greatest common factor of 212 and 82468.
212
Calculate the greatest common factor of 21014 and 266.
266
Calculate the greatest common divisor of 15275 and 13.
13
Calculate the highest common divisor of 192 and 9440.
32
Calculate the highest common divisor of 5868 and 432.
36
Calculate the highest common factor of 208 and 512.
16
Calculate the greatest common factor of 175 and 70.
35
What is the highest common divisor of 104 and 234?
26
What is the greatest common divisor of 32 and 168?
8
Calculate the highest common factor of 34 and 39389.
17
Calculate the highest common divisor of 476 and 544.
68
Calculate the greatest common divisor of 1258 and 296.
74
Calculate the greatest common divisor of 3567 and 87.
87
What is the greatest common divisor of 60 and 2364?
12
Calculate the highest common divisor of 8 and 544.
8
What is the highest common divisor of 54 and 546?
6
What is the highest common divisor of 44 and 946?
22
Calculate the highest common factor of 1526 and 616.
14
What is the greatest common divisor of 20 and 260?
20
What is the greatest common factor of 95 and 247?
19
Calculate the greatest common divisor of 13 and 377.
13
Calculate the highest common divisor of 242 and 22.
22
Calculate the highest common factor of 34 and 2635.
17
What is the greatest common factor of 258 and 1118?
86
What is the highest common divisor of 35 and 3535?
35
Calculate the highest common divisor of 1672 and 5776.
152
Calculate the greatest common divisor of 22 and 209.
11
Calculate the highest common factor of 70 and 10.
10
Calculate the highest common divisor of 12 and 71.
1
What is the greatest common factor of 22 and 1826?
22
What is the highest common divisor of 3